{"id":442,"date":"2019-11-23T16:15:50","date_gmt":"2019-11-23T15:15:50","guid":{"rendered":"http:\/\/slacking.pl\/?page_id=442"},"modified":"2025-11-05T20:43:15","modified_gmt":"2025-11-05T19:43:15","slug":"termsconditions","status":"publish","type":"page","link":"https:\/\/slacking.pl\/index.php\/termsconditions\/","title":{"rendered":"Regulamin"},"content":{"rendered":"\n<h3 class=\"wp-block-heading\">Regulamin sklepu internetowego Slacking.pl <\/h3>\n\n\n\n<h4 class=\"wp-block-heading\">1. Postanowienia og\u00f3lne<\/h4>\n\n\n\n<p>1.1. Niniejszy regulamin okre\u015bla zasady korzystania ze sklepu internetowego Slacking.pl<br> Sklep Slacking.pl prowadzi sprzeda\u017c towar\u00f3w drog\u0105 elektroniczn\u0105 na terytorium Polski i innych kraj\u00f3w.<\/p>\n\n\n\n<h4 class=\"wp-block-heading\">2. Produkty i zam\u00f3wienia<\/h4>\n\n\n\n<p>2.1. Produkty dost\u0119pne w sklepie s\u0105 szczeg\u00f3\u0142owo opisane na stronach produktowych. 2.2. Zam\u00f3wienia mo\u017cna sk\u0142ada\u0107 za po\u015brednictwem strony internetowej.<\/p>\n\n\n\n<h4 class=\"wp-block-heading\">3. P\u0142atno\u015bci<\/h4>\n\n\n\n<p>3.1. Sklep akceptuje p\u0142atno\u015bci przelewem tradycyjnym, p\u0142atno\u015bci online oraz kart\u0105 p\u0142atnicz\u0105. 3.2. Wszystkie ceny s\u0105 podane w z\u0142otych polskich i zawieraj\u0105 podatek VAT (23%).<\/p>\n\n\n\n<h4 class=\"wp-block-heading\">4. Wysy\u0142ka i dostawa<\/h4>\n\n\n\n<p>4.1. Zam\u00f3wienia realizowane s\u0105 na adres podany przez klienta w formularzu zam\u00f3wienia. 4.2. Koszty wysy\u0142ki s\u0105 naliczane zgodnie z cennikiem przedstawionym w sklepie.<\/p>\n\n\n\n<h4 class=\"wp-block-heading\">5. Prawo odst\u0105pienia od umowy<\/h4>\n\n\n\n<p>5.1. Konsument ma prawo odst\u0105pi\u0107 od umowy w ci\u0105gu 14 dni od otrzymania towaru bez podania przyczyny. 5.2. Aby skorzysta\u0107 z prawa odst\u0105pienia, klient musi przes\u0142a\u0107 o\u015bwiadczenie na adres e-mail: [Tw\u00f3j e-mail]. 5.3. Zwrot pieni\u0119dzy nast\u0105pi w ci\u0105gu 14 dni od otrzymania zwr\u00f3conego towaru.<\/p>\n\n\n\n<h4 class=\"wp-block-heading\">6. Reklamacje<\/h4>\n\n\n\n<p>6.1. Klient mo\u017ce z\u0142o\u017cy\u0107 reklamacj\u0119 dotycz\u0105c\u0105 wad produktu w ci\u0105gu 2 lat od zakupu. 6.2. Reklamacja powinna by\u0107 zg\u0142oszona drog\u0105 mailow\u0105 i zawiera\u0107 opis wady oraz zdj\u0119cia produktu. 6.3. Sklep zobowi\u0105zuje si\u0119 do rozpatrzenia reklamacji w ci\u0105gu 14 dni od jej otrzymania.<\/p>\n\n\n\n<h4 class=\"wp-block-heading\">7. Postanowienia ko\u0144cowe<\/h4>\n\n\n\n<p>7.1. Regulamin wchodzi w \u017cycie z dniem publikacji na stronie Slacking.pl.<\/p>\n","protected":false},"excerpt":{"rendered":"<p>Regulamin sklepu internetowego Slacking.pl 1. Postanowienia og\u00f3lne 1.1. Niniejszy regulamin okre\u015bla zasady korzystania ze sklepu internetowego Slacking.pl Sklep Slacking.pl prowadzi sprzeda\u017c towar\u00f3w drog\u0105 elektroniczn\u0105 na terytorium Polski i innych kraj\u00f3w. 2. Produkty i zam\u00f3wienia 2.1. Produkty dost\u0119pne w sklepie s\u0105 szczeg\u00f3\u0142owo opisane na stronach produktowych. 2.2. Zam\u00f3wienia mo\u017cna sk\u0142ada\u0107 za po\u015brednictwem strony internetowej. 3. P\u0142atno\u015bci [&hellip;]<\/p>\n","protected":false},"author":1,"featured_media":0,"parent":0,"menu_order":0,"comment_status":"closed","ping_status":"closed","template":"","meta":{"ngg_post_thumbnail":0,"jetpack_post_was_ever_published":true,"footnotes":""},"class_list":["post-442","page","type-page","status-publish","hentry"],"jetpack_sharing_enabled":true,"jetpack_shortlink":"https:\/\/wp.me\/PaNKVB-78","_links":{"self":[{"href":"https:\/\/slacking.pl\/index.php\/wp-json\/wp\/v2\/pages\/442","targetHints":{"allow":["GET"]}}],"collection":[{"href":"https:\/\/slacking.pl\/index.php\/wp-json\/wp\/v2\/pages"}],"about":[{"href":"https:\/\/slacking.pl\/index.php\/wp-json\/wp\/v2\/types\/page"}],"author":[{"embeddable":true,"href":"https:\/\/slacking.pl\/index.php\/wp-json\/wp\/v2\/users\/1"}],"replies":[{"embeddable":true,"href":"https:\/\/slacking.pl\/index.php\/wp-json\/wp\/v2\/comments?post=442"}],"version-history":[{"count":9,"href":"https:\/\/slacking.pl\/index.php\/wp-json\/wp\/v2\/pages\/442\/revisions"}],"predecessor-version":[{"id":3283,"href":"https:\/\/slacking.pl\/index.php\/wp-json\/wp\/v2\/pages\/442\/revisions\/3283"}],"wp:attachment":[{"href":"https:\/\/slacking.pl\/index.php\/wp-json\/wp\/v2\/media?parent=442"}],"curies":[{"name":"wp","href":"https:\/\/api.w.org\/{rel}","templated":true}]}}